{"id":3094,"date":"2024-11-29T11:10:33","date_gmt":"2024-11-29T11:10:33","guid":{"rendered":"https:\/\/christuskirche-elisabethfehn.de\/willkommen\/?page_id=3094"},"modified":"2024-12-12T11:54:34","modified_gmt":"2024-12-12T11:54:34","slug":"pastoren","status":"publish","type":"page","link":"https:\/\/christuskirche-elisabethfehn.de\/willkommen\/pastoren\/","title":{"rendered":"Pastoren"},"content":{"rendered":"\n<h4 class=\"wp-block-heading\">Pastoren der Kirchengemeinde<\/h4>\n\n\n\n<h5 class=\"wp-block-heading\">Pastor Thomas Perzul<\/h5>\n\n\n\n<p>Seit Januar 2001 bin ich als Pastor in der Kirchengemeinde Elisabethfehn t\u00e4tig.\u00a0Als geb\u00fcrtiger Bremer bin ich  in Stuhr\/Varrel aufgewachsen. Nach einer Ausbildung zum Kaufmann im Einzelhandel habe ich das Abitur auf dem 2. Bildungsweg in Oldenburg gemacht. Die aktive Jugendarbeit in meiner Kirchengemeinde weckte damals mein Interesse am Theologiestudium, das ich dann in G\u00f6ttingen, Kiel und in Accra (Ghana\/Westafrika) absolvierte. W\u00e4hrend des Studiums lernte ich auch meine Frau Wiebke Perzul kennen. Im Anschluss an das Studium habe ich mein Vikariat in Wilhelmshaven in Bant gemacht.\u00a0In meiner bisherigen T\u00e4tigkeit haben mich die Bereiche  der Notfallseelsorge, die versucht, Menschen in extremen Lebenslagen beizustehen, in der Arbeit mit MotorradfahrerInnen und in der Jugendarbeit gepr\u00e4gt. Aufgrund meines Studiums in Ghana und mehreren Reisen nach Afrika ist mir das Engagemant der Norddeutschen Mission besonders wichtig geworden. In der Kirchengemeinde Elisabethfehn ist die Arbeit mit Jugendlichen einer meiner Arbeitsschwerpunkte. <\/p>\n\n\n\n<p>In der Gemeindearbeit ist es f\u00fcr mich sehr wichtig, auch die Menschen zu erreichen, die wenig oder keinen Kontakt zur Kirche haben. <\/p>\n\n\n\n<h5 class=\"wp-block-heading\">Pastorin Wiebke Perzul<\/h5>\n\n\n\n<p>&#8230;<\/p>\n\n\n\n<h5 class=\"wp-block-heading\">Pastorenehepaar Perzul seit 20 Jahren in Elisabethfehn<\/h5>\n\n\n<div class=\"wp-block-image\">\n<figure class=\"aligncenter size-large is-resized\"><img loading=\"lazy\" decoding=\"async\" width=\"372\" height=\"498\" src=\"http:\/\/christuskirche-elisabethfehn.de\/wp-content\/uploads\/2021\/02\/20-Jahre-Thomas-und-Wiebke.png\" alt=\"\" class=\"wp-image-251\" style=\"width:214px;height:286px\" srcset=\"https:\/\/christuskirche-elisabethfehn.de\/wp-content\/uploads\/2021\/02\/20-Jahre-Thomas-und-Wiebke.png 372w, https:\/\/christuskirche-elisabethfehn.de\/wp-content\/uploads\/2021\/02\/20-Jahre-Thomas-und-Wiebke-224x300.png 224w\" sizes=\"auto, (max-width: 372px) 100vw, 372px\" \/><\/figure><\/div>\n\n\n<p>Seit 20 Jahren arbeiten Wiebke und Thomas Perzul nun in der Ev.-luth. Kirchengemeinde Elisabethfehn. Im Rahmen des ersten Gottesdienstes im neuen Jahr 2021 bedankte sich die Kirchengemeinde bei ihnen f\u00fcr ihre tolle Arbeit. Man spricht zwar in der ev.-luth. Kirche vom \u201ePriestertum aller Gl\u00e4ubigen\u201c, d.h. dass alle Gemeindeglieder mit ihren F\u00e4higkeiten die Gemeinde voranbringen sollen, aber entscheidend bleibt doch meist die Arbeit der Pastorinnen. In vielen Bereichen des Gemeindelebens wird dies auch in Elisabethfehn deutlich. Besonders sch\u00e4tzen die Gemeindeglieder die Arbeit des Pastorenehepaares im Bereich der Seelsorge. Beide sind f\u00fcr die Gemeindeglieder stets erreichbar. Durch ihre F\u00e4higkeiten, auf die Menschen zugehen und ihnen zuh\u00f6ren zu k\u00f6nnen, f\u00fchlen sich die Menschen mit ihren Sorgen angenommen und akzeptiert. Beide entwickeln stets neue Ideen. Dies zeigt sich sehr sch\u00f6n in den besonderen Gottesdiensten, wie Sternstunden, Gottesdienst auf dem Bauernhof, an der Schleuse, am Hafen sowie Taufgottesdienste oder dem \u201eKrippenspiel to go\u201c. Viele Gemeindeglieder f\u00fchlen sich durch diese Gottesdienste angesprochen. In vielen Gemeindegruppen ist das Pastorenehepaar aktiv. Ein besonderes Highlight sind in jedem Jahr die Kinder- und Jugendfreizeiten, in die beide jede Menge Zeit und Arbeit investieren. Und es wurden viele Projekte angesto\u00dfen oder begleitet, in denen es um die Unterst\u00fctzung von Menschen in Not geht. Im Rahmen der \u00d6kumene sind die Arbeit von St\u00f6ppkes, die Unterst\u00fctzung von Gefl\u00fcchteten vor Ort und auch die Rum\u00e4nienhilfe daf\u00fcr sch\u00f6ne Beispiele. Ein ganz wichtiges Handlungsfeld ist der Jona-Kindergarten, der ein Aush\u00e4ngeschild der Kirchengemeinde ist. Vor allem Thomas Perzul investiert hier ganz viel Zeit und Engagement, um die Mitarbeiterinnen des Kindergartens zu unterst\u00fctzen. Beiden ist der Kindergarten sehr wichtig. Hier sehen sie die Chance einer vertrauensvollen und bereichernden Zusammenarbeit und die wundervolle M\u00f6glichkeit, die Kinder von Anfang an in ihrem wachsenden Glauben zu begleiten. Angetrieben durch einen Glauben, der uns st\u00fctzt und der hilft, stets neue Wege zu gehen, werden Gemeindekirchenrat und Pastorenpaar auch in den n\u00e4chsten Jahren die Herausforderungen angehen.<\/p>\n\n\n\n<p>Mariechen Murra, Heike Pieper und Bernhard Schaal bedanken sich im Namen des Kirchenrates f\u00fcr die langj\u00e4hrige Arbeit.<\/p>\n\n\n<div class=\"wp-block-image\">\n<figure class=\"aligncenter size-large is-resized\"><img loading=\"lazy\" decoding=\"async\" width=\"509\" height=\"360\" src=\"http:\/\/christuskirche-elisabethfehn.de\/wp-content\/uploads\/2021\/02\/20-Jahre-Thomas-und-Wiebke-2.png\" alt=\"\" class=\"wp-image-253\" style=\"width:322px;height:228px\" srcset=\"https:\/\/christuskirche-elisabethfehn.de\/wp-content\/uploads\/2021\/02\/20-Jahre-Thomas-und-Wiebke-2.png 509w, https:\/\/christuskirche-elisabethfehn.de\/wp-content\/uploads\/2021\/02\/20-Jahre-Thomas-und-Wiebke-2-300x212.png 300w\" sizes=\"auto, (max-width: 509px) 100vw, 509px\" \/><\/figure><\/div>\n\n\n<h5 class=\"wp-block-heading\" style=\"line-height:2\">Pastorengalerie<\/h5>\n\n\n\n<p style=\"line-height:0.5\">1883 &#8211; 1897 Pfarrer M\u00f6hlmann<\/p>\n\n\n\n<p style=\"line-height:0.5\">1897 &#8211; 1907 Pfarrer Lindemann&nbsp;<\/p>\n\n\n\n<p style=\"line-height:0.5\">1907 &#8211; 1925 Pfarrer Johann Rathe&nbsp;<\/p>\n\n\n\n<p style=\"line-height:0.5\">1925 &#8211; 1934 Pfarrer Waldemar Rohden&nbsp;<\/p>\n\n\n\n<p style=\"line-height:0.5\">1934 &#8211; 1952 Pfarrer Johannes Riese&nbsp;<\/p>\n\n\n\n<p style=\"line-height:0.5\">1952 &#8211; 1978 Pfarrer Hillmar von Dobbeler&nbsp;<\/p>\n\n\n\n<p style=\"line-height:0.5\">1979 &#8211; 1983 Pfarrer Karl-Heinz Ufken&nbsp;<\/p>\n\n\n\n<p style=\"line-height:0.5\">1984 &#8211; 2004 Pfarrerin Dorothee Testa&nbsp;<\/p>\n\n\n\n<p style=\"line-height:0.5\">1985 &#8211; 1995 Pfarrer Mario Testa&nbsp;<\/p>\n\n\n\n<p style=\"line-height:0.5\">1995 &#8211; 1998 Pastor Wolfgang K\u00fcrschner&nbsp;<\/p>\n\n\n\n<p style=\"line-height:0.5\">1998 &#8211; 2000 Pastor Hartmut L\u00fcbben&nbsp;<\/p>\n\n\n\n<p style=\"line-height:0.5\">2004 &#8211; 2006 B\u00e4rbel Bleckwehl&nbsp;<\/p>\n\n\n\n<p style=\"line-height:0.5\">Seit 2001 Pastor Thomas Perzul&nbsp;Seit 2004 Pastorin Wiebke Perzul&nbsp;<\/p>\n","protected":false},"excerpt":{"rendered":"<p>Pastoren der Kirchengemeinde Pastor Thomas Perzul Seit Januar 2001 bin ich als Pastor in der Kirchengemeinde Elisabethfehn t\u00e4tig.\u00a0Als geb\u00fcrtiger Bremer bin ich in Stuhr\/Varrel aufgewachsen. Nach einer Ausbildung zum Kaufmann im Einzelhandel habe ich das Abitur auf dem 2. Bildungsweg in Oldenburg gemacht. Die aktive Jugendarbeit in meiner Kirchengemeinde weckte damals mein Interesse am Theologiestudium, &hellip; <\/p>\n<p><a class=\"more-link btn\" href=\"https:\/\/christuskirche-elisabethfehn.de\/willkommen\/pastoren\/\">Weiterlesen<\/a><\/p>\n","protected":false},"author":1,"featured_media":0,"parent":0,"menu_order":0,"comment_status":"closed","ping_status":"closed","template":"","meta":{"footnotes":""},"class_list":["post-3094","page","type-page","status-publish","hentry","nodate","item-wrap"],"_links":{"self":[{"href":"https:\/\/christuskirche-elisabethfehn.de\/willkommen\/wp-json\/wp\/v2\/pages\/3094","targetHints":{"allow":["GET"]}}],"collection":[{"href":"https:\/\/christuskirche-elisabethfehn.de\/willkommen\/wp-json\/wp\/v2\/pages"}],"about":[{"href":"https:\/\/christuskirche-elisabethfehn.de\/willkommen\/wp-json\/wp\/v2\/types\/page"}],"author":[{"embeddable":true,"href":"https:\/\/christuskirche-elisabethfehn.de\/willkommen\/wp-json\/wp\/v2\/users\/1"}],"replies":[{"embeddable":true,"href":"https:\/\/christuskirche-elisabethfehn.de\/willkommen\/wp-json\/wp\/v2\/comments?post=3094"}],"version-history":[{"count":3,"href":"https:\/\/christuskirche-elisabethfehn.de\/willkommen\/wp-json\/wp\/v2\/pages\/3094\/revisions"}],"predecessor-version":[{"id":3171,"href":"https:\/\/christuskirche-elisabethfehn.de\/willkommen\/wp-json\/wp\/v2\/pages\/3094\/revisions\/3171"}],"wp:attachment":[{"href":"https:\/\/christuskirche-elisabethfehn.de\/willkommen\/wp-json\/wp\/v2\/media?parent=3094"}],"curies":[{"name":"wp","href":"https:\/\/api.w.org\/{rel}","templated":true}]}}

<h4 class="wp-block-heading">Pastoren der Kirchengemeinde</h4>



<h5 class="wp-block-heading">Pastor Thomas Perzul</h5>



<p>Seit Januar 2001 bin ich als Pastor in der Kirchengemeinde Elisabethfehn tätig. Als gebürtiger Bremer bin ich  in Stuhr/Varrel aufgewachsen. Nach einer Ausbildung zum Kaufmann im Einzelhandel habe ich das Abitur auf dem 2. Bildungsweg in Oldenburg gemacht. Die aktive Jugendarbeit in meiner Kirchengemeinde weckte damals mein Interesse am Theologiestudium, das ich dann in Göttingen, Kiel und in Accra (Ghana/Westafrika) absolvierte. Während des Studiums lernte ich auch meine Frau Wiebke Perzul kennen. Im Anschluss an das Studium habe ich mein Vikariat in Wilhelmshaven in Bant gemacht. In meiner bisherigen Tätigkeit haben mich die Bereiche  der Notfallseelsorge, die versucht, Menschen in extremen Lebenslagen beizustehen, in der Arbeit mit MotorradfahrerInnen und in der Jugendarbeit geprägt. Aufgrund meines Studiums in Ghana und mehreren Reisen nach Afrika ist mir das Engagemant der Norddeutschen Mission besonders wichtig geworden. In der Kirchengemeinde Elisabethfehn ist die Arbeit mit Jugendlichen einer meiner Arbeitsschwerpunkte. </p>



<p>In der Gemeindearbeit ist es für mich sehr wichtig, auch die Menschen zu erreichen, die wenig oder keinen Kontakt zur Kirche haben. </p>



<h5 class="wp-block-heading">Pastorin Wiebke Perzul</h5>



<p>&#8230;</p>



<h5 class="wp-block-heading">Pastorenehepaar Perzul seit 20 Jahren in Elisabethfehn</h5>


<div class="wp-block-image">
<figure class="aligncenter size-large is-resized"><img loading="lazy" decoding="async" width="372" height="498" src="http://christuskirche-elisabethfehn.de/wp-content/uploads/2021/02/20-Jahre-Thomas-und-Wiebke.png" alt="" class="wp-image-251" style="width:214px;height:286px" srcset="https://christuskirche-elisabethfehn.de/wp-content/uploads/2021/02/20-Jahre-Thomas-und-Wiebke.png 372w, https://christuskirche-elisabethfehn.de/wp-content/uploads/2021/02/20-Jahre-Thomas-und-Wiebke-224x300.png 224w" sizes="auto, (max-width: 372px) 100vw, 372px" /></figure></div>


<p>Seit 20 Jahren arbeiten Wiebke und Thomas Perzul nun in der Ev.-luth. Kirchengemeinde Elisabethfehn. Im Rahmen des ersten Gottesdienstes im neuen Jahr 2021 bedankte sich die Kirchengemeinde bei ihnen für ihre tolle Arbeit. Man spricht zwar in der ev.-luth. Kirche vom „Priestertum aller Gläubigen“, d.h. dass alle Gemeindeglieder mit ihren Fähigkeiten die Gemeinde voranbringen sollen, aber entscheidend bleibt doch meist die Arbeit der Pastorinnen. In vielen Bereichen des Gemeindelebens wird dies auch in Elisabethfehn deutlich. Besonders schätzen die Gemeindeglieder die Arbeit des Pastorenehepaares im Bereich der Seelsorge. Beide sind für die Gemeindeglieder stets erreichbar. Durch ihre Fähigkeiten, auf die Menschen zugehen und ihnen zuhören zu können, fühlen sich die Menschen mit ihren Sorgen angenommen und akzeptiert. Beide entwickeln stets neue Ideen. Dies zeigt sich sehr schön in den besonderen Gottesdiensten, wie Sternstunden, Gottesdienst auf dem Bauernhof, an der Schleuse, am Hafen sowie Taufgottesdienste oder dem „Krippenspiel to go“. Viele Gemeindeglieder fühlen sich durch diese Gottesdienste angesprochen. In vielen Gemeindegruppen ist das Pastorenehepaar aktiv. Ein besonderes Highlight sind in jedem Jahr die Kinder- und Jugendfreizeiten, in die beide jede Menge Zeit und Arbeit investieren. Und es wurden viele Projekte angestoßen oder begleitet, in denen es um die Unterstützung von Menschen in Not geht. Im Rahmen der Ökumene sind die Arbeit von Stöppkes, die Unterstützung von Geflüchteten vor Ort und auch die Rumänienhilfe dafür schöne Beispiele. Ein ganz wichtiges Handlungsfeld ist der Jona-Kindergarten, der ein Aushängeschild der Kirchengemeinde ist. Vor allem Thomas Perzul investiert hier ganz viel Zeit und Engagement, um die Mitarbeiterinnen des Kindergartens zu unterstützen. Beiden ist der Kindergarten sehr wichtig. Hier sehen sie die Chance einer vertrauensvollen und bereichernden Zusammenarbeit und die wundervolle Möglichkeit, die Kinder von Anfang an in ihrem wachsenden Glauben zu begleiten. Angetrieben durch einen Glauben, der uns stützt und der hilft, stets neue Wege zu gehen, werden Gemeindekirchenrat und Pastorenpaar auch in den nächsten Jahren die Herausforderungen angehen.</p>



<p>Mariechen Murra, Heike Pieper und Bernhard Schaal bedanken sich im Namen des Kirchenrates für die langjährige Arbeit.</p>


<div class="wp-block-image">
<figure class="aligncenter size-large is-resized"><img loading="lazy" decoding="async" width="509" height="360" src="http://christuskirche-elisabethfehn.de/wp-content/uploads/2021/02/20-Jahre-Thomas-und-Wiebke-2.png" alt="" class="wp-image-253" style="width:322px;height:228px" srcset="https://christuskirche-elisabethfehn.de/wp-content/uploads/2021/02/20-Jahre-Thomas-und-Wiebke-2.png 509w, https://christuskirche-elisabethfehn.de/wp-content/uploads/2021/02/20-Jahre-Thomas-und-Wiebke-2-300x212.png 300w" sizes="auto, (max-width: 509px) 100vw, 509px" /></figure></div>


<h5 class="wp-block-heading" style="line-height:2">Pastorengalerie</h5>



<p style="line-height:0.5">1883 &#8211; 1897 Pfarrer Möhlmann</p>



<p style="line-height:0.5">1897 &#8211; 1907 Pfarrer Lindemann&nbsp;</p>



<p style="line-height:0.5">1907 &#8211; 1925 Pfarrer Johann Rathe&nbsp;</p>



<p style="line-height:0.5">1925 &#8211; 1934 Pfarrer Waldemar Rohden&nbsp;</p>



<p style="line-height:0.5">1934 &#8211; 1952 Pfarrer Johannes Riese&nbsp;</p>



<p style="line-height:0.5">1952 &#8211; 1978 Pfarrer Hillmar von Dobbeler&nbsp;</p>



<p style="line-height:0.5">1979 &#8211; 1983 Pfarrer Karl-Heinz Ufken&nbsp;</p>



<p style="line-height:0.5">1984 &#8211; 2004 Pfarrerin Dorothee Testa&nbsp;</p>



<p style="line-height:0.5">1985 &#8211; 1995 Pfarrer Mario Testa&nbsp;</p>



<p style="line-height:0.5">1995 &#8211; 1998 Pastor Wolfgang Kürschner&nbsp;</p>



<p style="line-height:0.5">1998 &#8211; 2000 Pastor Hartmut Lübben&nbsp;</p>



<p style="line-height:0.5">2004 &#8211; 2006 Bärbel Bleckwehl&nbsp;</p>



<p style="line-height:0.5">Seit 2001 Pastor Thomas Perzul&nbsp;Seit 2004 Pastorin Wiebke Perzul&nbsp;</p>

<p>Pastoren der Kirchengemeinde Pastor Thomas Perzul Seit Januar 2001 bin ich als Pastor in der Kirchengemeinde Elisabethfehn tätig. Als gebürtiger Bremer bin ich in Stuhr/Varrel aufgewachsen. Nach einer Ausbildung zum Kaufmann im Einzelhandel habe ich das Abitur auf dem 2. Bildungsweg in Oldenburg gemacht. Die aktive Jugendarbeit in meiner Kirchengemeinde weckte damals mein Interesse am Theologiestudium, &hellip; </p>
<p><a class="more-link btn" href="https://christuskirche-elisabethfehn.de/willkommen/pastoren/">Weiterlesen</a></p>
